termine o(102).
8
Let s(d) = d**3 - 24*d**2 - 25*d - 28. Give s(25).
-28
Let t(p) = -110*p - 11024. Give t(-100).
-24
Let a(z) = -34*z**2 + 239*z - 478. Determine a(2).
-136
Let s(g) = 5*g**2 - 47*g - 24. Determine s(15).
396
Let f(d) = -2*d**2 + 138*d - 266. Determine f(66).
130
Let b(f) = -f**2 - 63*f + 259. What is b(-68)?
-81
Let r(s) = -21496*s - 150469. Determine r(-7).
3
Let i(o) = -240*o - 705. Give i(-3).
15
Let y(k) = -k**3 + 75*k**2 - 342*k - 589. What is y(70)?
-29
Let g(f) = -67*f - 1355. Determine g(-20).
-15
Let u(j) = -j**3 + 6*j**2 - 42*j + 109. What is u(4)?
-27
Let x(c) = -74*c - 127. Give x(-6).
317
Let y(d) = -227*d - 2274. What is y(-10)?
-4
Let j(p) = p**2 - p + 3. Give j(-4).
23
Let y(b) = -8*b + 206. Give y(-8).
270
Let x(p) = -74*p - 278. Give x(-6).
166
Let v(b) = -b**2 - 115*b - 2291. Determine v(-25).
-41
Let x(y) = 28*y - 253. Calculate x(1).
-225
Let m(i) = -17*i + 515. Determine m(32).
-29
Let d(g) = -g**3 + 27*g**2 - 104*g + 749. Calculate d(24).
-19
Let c(z) = 18*z - 733. Calculate c(46).
95
Let j(a) = -16*a - 788. Calculate j(-48).
-20
Let d(c) = 2*c**3 - 395*c + 1151. Give d(3).
20
Let b(i) = i**2 + 14*i - 422. What is b(-23)?
-215
Let v(f) = f**3 - 5*f**2 - 5*f + 22. What is v(6)?
28
Let c(u) = -u**3 - 14*u**2 - 5*u + 102. Determine c(-12).
-126
Let i(j) = -2*j**2 + 84*j + 109. Calculate i(41).
191
Let i(o) = -169*o - 2115. What is i(-13)?
82
Let c(s) = -45*s**2 - 26*s + 86. Calculate c(-6).
-1378
Let x(g) = -6*g**3 - 162*g**2 + 2*g + 26. Calculate x(-27).
-28
Let n(d) = d**3 - 37*d**2 - 73*d + 6. Calculate n(39).
201
Let g(s) = s**2 + 45*s - 262. Give g(-52).
102
Let x(s) = 2*s**2 + 35*s - 204. Give x(15).
771
Let v(c) = 4*c**2 + 188*c + 177. Calculate v(-46).
-7
Let r(w) = -12*w - 341. Determine r(-28).
-5
Let a(z) = 58*z**2 - 21*z - 70. What is a(-3)?
515
Let t(i) = -i**3 + 20*i**2 + 31*i + 285. Give t(22).
-1
Let t(p) = -p**3 + 5*p**2 + 7*p - 12. Calculate t(9).
-273
Let v(h) = h**2 - 7*h - 16. Determine v(-8).
104
Let i(l) = 1560*l - 31197. Give i(20).
3
Let s(b) = -27*b + 30. Calculate s(6).
-132
Let a(m) = 9*m**2 + 39*m - 1030. Calculate a(-13).
-16
Let u(s) = s**3 + 4*s**2 - 93*s + 84. Calculate u(7).
-28
Let q(j) = -285*j**3 + 4*j**2 + 5*j. Calculate q(-1).
284
Let n(d) = 2*d**3 + 5*d**2 + 10*d - 20. Calculate n(6).
652
Let q(v) = -31*v + 258. Give q(10).
-52
Let a(f) = -f**3 - 10*f**2 - 21*f - 197. Calculate a(-10).
13
Let y(i) = -962*i + 30784. Give y(32).
0
Let o(p) = -5*p**2 + 48*p - 92. What is o(2)?
-16
Let v(t) = -43*t**2 + 27*t - 28. What is v(1)?
-44
Let l(j) = 52*j + 6024. What is l(-115)?
44
Let x(v) = -17*v - 109. Calculate x(8).
-245
Let a(r) = -13*r**2 - 6*r + 62. What is a(0)?
62
Let d(q) = q**3 + 30*q**2 + 29*q - 102. Determine d(-29).
-102
Let c(n) = -n**3 - 16*n**2 + 224*n - 33. Give c(-25).
-8
Let c(k) = -2*k**2 + 2*k - 11. Calculate c(-2).
-23
Let l(d) = d**3 + 33*d**2 - 82*d - 468. Calculate l(-35).
-48
Let t(z) = -z**3 - 64*z**2 - 71*z - 478. What is t(-63)?
26
Let n(a) = a**3 + 24*a**2 + 39*a + 354. Give n(-23).
-14
Let d(c) = -c**3 - 83*c**2 - 64*c + 1480. What is d(-82)?
4
Let g(m) = -m**2 + 256*m + 16080. Calculate g(-52).
64
Let o(k) = -2*k**2 + 567*k - 2264. Determine o(4).
-28
Let f(k) = -k**2 + 168*k - 6757. What is f(68)?
43
Let a(y) = -4*y**2 - 63*y - 498. What is a(-8)?
-250
Let p(n) = -2*n**3 - 347*n**2 + 159*n - 2637. Calculate p(-174).
-27
Let n(i) = -108*i**2 - 12*i + 14. Calculate n(1).
-106
Let x(k) = 2*k**2 - 57*k + 139. Give x(26).
9
Let h(m) = -m**3 + 5*m**2 + 41*m - 183. Give h(4).
-3
Let y(l) = -l**3 - 25*l**2 - 21*l + 115. Determine y(-24).
43
Let v(f) = 5*f**2 - 62*f - 17. Calculate v(17).
374
Let b(g) = 10*g**2 + 207*g - 1008. Calculate b(5).
277
Let u(m) = 442*m**3 - 2*m**2 + 2*m + 1. Give u(1).
443
Let g(v) = -v**3 - 12*v**2 + 26*v - 6. What is g(-14)?
22
Let r(i) = -3*i**3 - 54*i**2 - 27*i - 321. Calculate r(-18).
165
Let f(a) = a**3 - 13*a**2 - 16*a + 40. Give f(9).
-428
Let u(b) = -4*b**3 - 5*b**2 + 20*b + 47. What is u(-2)?
19
Let g(m) = 8*m**2 - 122*m - 123. Determine g(-1).
7
Let b(g) = -5*g**2 - 32*g + 66. Determine b(-6).
78
Let o(h) = h**3 + 16*h**2 - 77*h + 20. Calculate o(4).
32
Let w(i) = -17*i + 116. What is w(21)?
-241
Let k(t) = -40*t - 139. Determine k(-11).
301
Let p(u) = 2*u**3 + 70*u**2 + 397*u + 39. Determine p(-7).
4
Let m(r) = -3*r**2 + 116*r - 35. Determine m(39).
-74
Let i(j) = -j**3 + 33*j**2 + 68*j + 69. Give i(35).
-1
Let f(l) = -l**3 - 8*l**2 - 6*l - 8. Give f(-8).
40
Let j(m) = m**3 + 5*m**2 - 29*m + 4. Determine j(5).
109
Let j(r) = -r**3 + 9*r**2 + 101*r - 72. Give j(-7).
5
Let c(n) = -7*n**3 + 16*n**2 + 61*n - 144. Give c(2).
-14
Let j(h) = -h**3 + 25*h**2 - 37*h + 16. Give j(24).
-296
Let l(d) = 346*d + 4865. Give l(-14).
21
Let j(l) = 15*l + 1116. Calculate j(-73).
21
Let s(x) = -4*x**2 - 90*x - 459. Give s(-8).
5
Let t(z) = -3*z**2 + 18*z - 25. What is t(2)?
-1
Let t(f) = 16*f**3 - 4*f**2 + 6*f - 2. Give t(1).
16
Let u(m) = -829*m - 3381. Give u(-4).
-65
Let l(d) = d**3 + 12*d**2 + 3*d + 97. Give l(-13).
-111
Let h(g) = -16*g - 8. What is h(-12)?
184
Let b(m) = 197*m + 374. Determine b(0).
374
Let v(w) = 20*w**2 + 81*w - 239. Determine v(3).
184
Let v(i) = 6*i**2 - 170*i - 289. Determine v(29).
-173
Let g(p) = 272*p + 45698. Calculate g(-168).
2
Let g(u) = 6*u**2 + 118*u - 36. Calculate g(-20).
4
Let k(l) = -l**3 - 7*l**2 - 7*l - 11. Determine k(-3).
-26
Let l(o) = -7*o**2 - 97*o - 336. Determine l(-7).
0
Let p(g) = 3*g**2 + 221*g + 1311. Determine p(-67).
-29
Let x(h) = -3*h**2 + 11*h + 45. What is x(11)?
-197
Let n(c) = 5*c**2 - 717*c + 4781. Determine n(7).
7
Let s(t) = t + 5. What is s(-13)?
-8
Let v(i) = 3*i**3 - 33*i**2 - 83*i - 8. What is v(13)?
-73
Let a(z) = -3*z**2 + 25*z + 641. Determine a(-11).
3
Let l(b) = -b**2 + 67*b - 131. What is l(65)?
-1
Let g(p) = -p**2 + 92. What is g(7)?
43
Let s(l) = -6*l - 59. Give s(-22).
73
Let o(s) = 2*s**3 - 68*s**2 - 7*s - 80. Calculate o(34).
-318
Let b(o) = -14*o**2 - 523*o - 165. Determine b(-37).
20
Let w(t) = 6*t**2 - 161*t + 786. Give w(5).
131
Let s(t) = -t**3 + 92*t**2 - 364*t - 13076. What is s(86)?
-4
Let m(d) = -d**3 + 10*d**2 - 14*d + 13. Give m(9).
-32
Let t(l) = 530*l + 1112. Determine t(-2).
52
Let q(b) = -b**2 + 385*b - 2663. Give q(7).
-17
Let v(p) = 364*p + 803. Determine v(-3).
-289
Let n(z) = -3*z**2 - 1336*z - 3100. Calculate n(-443).
1
Let s(l) = -212*l - 9582. Calculate s(-45).
-42
Let m(r) = 15*r**3 - 4*r**2 + 34*r - 105. Determine m(3).
366
Let o(r) = r**3 - 18*r**2 - 6*r - 19. Give o(11).
-932
Let q(i) = 274*i - 533. Determine q(3).
289
Let b(q) = 747*q - 13. Determine b(0).
-13
Let o(t) = -t**2 - 16*t + 121. Calculate o(-22).
-11
Let d(g) = -679*g - 24463. Calculate d(-36).
-19
Let s(w) = 6*w**2 + 45*w + 152. What is s(-4)?
68
Let x(u) = u**3 + 6*u**2 - 8*u - 73. Determine x(-6).
-25
Let m(x) = 25*x - 776. What is m(32)?
24
Let k(f) = 2*f**3 - 13*f**2 - 23*f + 116. Determine k(7).
4
Let g(c) = 83*c - 4230. Calculate g(51).
3
Let x(s) = -2*s**3 + 238*s**2 - 228*s - 954. Determine x(118).
-10
Let l(p) = -p**3 + 35*p**2 - 50*p + 574. What is l(34)?
30
Let u(l) = l**2 + 86*l + 564. What is u(-7)?
11
Let y(m) = 586*m + 2182. What is y(-4)?
-162
Let i(l) = l**2 - 41*l - 508. Give i(52).
64
Let m(y) = 3*y**2 + 408*y + 406. Calculate m(-135).
1
Let u(p) = 5*p**2 - 102*p + 359. What is u(16)?
7
Let x(a) = -a**3 + 16*a**2 - 56*a - 24. Determine x(8).
40
Let r(d) = -4809*d - 4814. What is r(-1)?
-5
Let n(x) = -2*x**2 + 4*x + 449. Give n(16).
1
Let x(p) = 68*p + 484. Determine x(-10).
-196
Let s(z) = -19*z - 350. Determine s(-18).
-8
Let z(t) = 2546*t - 5098. Calculate z(2).
-6
Let r(y) = -592*y + 1767. Calculate r(3).
-9
Let f(r) = 3*r**2 - r - 20. Determine f(-11).
354
Let f(w) = 29*w - 434. Determine f(18).
88
Let s(l) = -4871*l - 24379. Calculate s(-5).
-24
Let j(b) = b**2 + 56*b - 210. What is j(-27)?
-993
Let i(j) = 3*j**3 + 241*j**2 - 165*j + 190. What is i(-81)?
433
Let o(j) = -5*j**3 + 69*j**2 + 14*j + 6. Calculate o(14).
6
Let w(a) = -a**3 - 14*a**2 - 39*a - 93. Calculate w(-11).
-27
Let l(j) = 45*j**2 + 316*j - 7. Calculate l(-7).
-14
Let u(i) = 12*i**2 - 681*i + 504. Give u(56).
0
Let y(s) = -4*s**3 + 35*s**2 - 65*s + 3. What is y(6)?
9
Le